30641
What are the prime factors of 8115363125?
5, 19, 23, 43, 691
What are the prime factors of 601737496?
2, 71, 131, 8087
List the prime factors of 116667633.
3, 38889211
List the prime factors of 149141788.
2, 53, 703499
What are the prime factors of 605469539?
1051, 576089
What are the prime factors of 2064724501?
7, 10267, 28729
What are the prime factors of 1696608142?
2, 6653, 127507
What are the prime factors of 128928991?
4951, 26041
What are the prime factors of 379822540?
2, 5, 19, 31, 1697
What are the prime factors of 15142624?
2, 7, 67601
What are the prime factors of 44315374?
2, 22157687
What are the prime factors of 1480591278?
2, 3, 2179, 12583
List the prime factors of 126200979.
3, 17, 824843
List the prime factors of 54403055.
5, 7, 103, 15091
What are the prime factors of 457548863?
17, 29, 241, 3851
What are the prime factors of 532431551?
17, 1373, 22811
List the prime factors of 91633735.
5, 167, 109741
List the prime factors of 3204222506.
2, 23, 69657011
What are the prime factors of 1795000558?
2, 13, 71, 972373
What are the prime factors of 163426755?
3, 5, 47, 59, 3929
What are the prime factors of 334610679?
3, 13, 8579761
List the prime factors of 2093533501.
241, 997, 8713
List the prime factors of 982480172.
2, 245620043
What are the prime factors of 24564711?
3, 17, 29, 977
List the prime factors of 283330715.
5, 2687, 21089
What are the prime factors of 2035150975?
5, 11, 13, 23, 53, 467
What are the prime factors of 1187373591?
3, 131930399
What are the prime factors of 22078970?
2, 5, 2207897
What are the prime factors of 81666710?
2, 5, 31, 131, 2011
What are the prime factors of 38241184?
2, 1195037
List the prime factors of 739955983.
13, 109, 522199
What are the prime factors of 117814078?
2, 103, 443, 1291
What are the prime factors of 81765954?
2, 3, 17, 191, 1399
What are the prime factors of 11479021?
19, 31, 19489
What are the prime factors of 152959711?
152959711
What are the prime factors of 31923254?
2, 11, 1451057
What are the prime factors of 1167705441?
3, 7, 331, 55997
List the prime factors of 19689704.
2, 617, 3989
List the prime factors of 1346670315.
3, 5, 19, 37, 42569
List the prime factors of 22499411.
11, 499, 4099
List the prime factors of 306130878.
2, 3, 3821, 4451
What are the prime factors of 67016421?
3, 7446269
List the prime factors of 3266016952.
2, 11, 37113829
What are the prime factors of 113536443?
3, 47, 805223
List the prime factors of 123431159.
123431159
List the prime factors of 27338274.
2, 3, 127, 11959
What are the prime factors of 77391121?
77391121
What are the prime factors of 672954662?
2, 7069, 47599
List the prime factors of 27406858.
2, 103, 233, 571
List the prime factors of 670313515.
5, 2551, 52553
What are the prime factors of 1255164854?
2, 627582427
What are the prime factors of 1115622311?
503, 941, 2357
List the prime factors of 21350166.
2, 3, 3558361
What are the prime factors of 70541759?
23, 461, 6653
What are the prime factors of 1462383927?
3, 61, 1499, 1777
List the prime factors of 2276782970.
2, 5, 7, 11, 17, 173933
List the prime factors of 424885573.
7, 17, 769, 4643
What are the prime factors of 57043649?
13, 137, 32029
List the prime factors of 4471700290.
2, 5, 43, 10399303
List the prime factors of 75222410.
2, 5, 7522241
What are the prime factors of 662231826?
2, 3, 3643, 10099
List the prime factors of 594052599.
3, 7, 47, 223, 2699
What are the prime factors of 431964694?
2, 7, 311, 14173
List the prime factors of 141942852.
2, 3, 61, 109, 593
What are the prime factors of 258671961?
3, 23, 43, 3229
List the prime factors of 143297274.
2, 3, 211, 113189
What are the prime factors of 556741327?
61, 9126907
List the prime factors of 1399208044.
2, 13, 373, 72139
List the prime factors of 268888733.
268888733
List the prime factors of 14853159.
3, 550117
List the prime factors of 2738546267.
23, 2137, 55717
List the prime factors of 941204072.
2, 117650509
List the prime factors of 1020284953.
37, 27575269
List the prime factors of 99366294.
2, 3, 16561049
What are the prime factors of 8895900?
2, 3, 5, 13, 2281
What are the prime factors of 2107479133?
97, 193, 112573
List the prime factors of 5415579148.
2, 7, 37, 5227393
What are the prime factors of 33731918?
2, 11, 293, 5233
List the prime factors of 79782455.
5, 59, 229, 1181
What are the prime factors of 1830501949?
41, 4733, 9433
What are the prime factors of 223691046?
2, 3, 4733, 7877
List the prime factors of 41495433.
3, 7, 29, 61, 1117
What are the prime factors of 89529072?
2, 3, 17, 109717
What are the prime factors of 1152688878?
2, 3, 11, 613, 9497
List the prime factors of 42207549.
3, 17, 827599
What are the prime factors of 2177864084?
2, 11, 17, 2911583
What are the prime factors of 75672926?
2, 7, 83, 65123
List the prime factors of 691683318.
2, 3, 17, 2260403
List the prime factors of 41356239.
3, 43, 320591
List the prime factors of 572284767.
3, 331, 576319
What are the prime factors of 1709794039?
5023, 340393
List the prime factors of 537874146.
2, 3, 29881897
List the prime factors of 48519616.
2, 19, 39901
List the prime factors of 78141677.
71, 283, 3889
What are the prime factors of 1204997805?
3, 5, 11, 2434339
What are the prime factors of 204580973?
83, 2464831
What are the prime factors of 29917279?
7, 383, 11159
What are the prime factors of 909988636?
2, 227497159
What are the prime factors of 1514568038?
2, 757284019
What are the prime factors of 47834484?
2, 3, 3986207
What are the prime factors of 32212988?
2, 109, 73883
List the prime factors of 101089552.
2, 1433, 4409
What are the prime factors of 1096838849?
97, 2029, 5573
What are the prime factors of 12544284?
2, 3, 61, 17137
List the prime factors of 3163277.
13, 61, 3989
What are the prime factors of 531395194?
2, 11, 659, 36653
What are the prime factors of 50862723?
3, 29, 31, 18859
List the prime factors of 2287981316.
2, 571995329
List the prime factors of 175975809.
3, 31, 103, 18371
What are the prime factors of 130208597?
130208597
List the prime factors of 213890981.
1873, 114197
What are the prime factors of 43152344?
2, 19, 73, 3889
List the prime factors of 1543438624.
2, 7, 13, 530027
What are the prime factors of 97848039?
3, 17, 127, 15107
List the prime factors of 233135424.
2, 3, 127, 3187
List the prime factors of 1557277131.
3, 18541, 27997
List the prime factors of 960082204.
2, 240020551
List the prime factors of 155345581.
1297, 119773
What are the prime factors of 994448029?
1511, 658139
What are the prime factors of 47660694?
2, 3, 7943449
List the prime factors of 24535441.
7, 19, 184477
What are the prime factors of 2334093047?
11, 13, 17, 960137
What are the prime factors of 2167612497?
3, 53, 4544261
List the prime factors of 110973044.
2, 7, 13, 97, 449
List the prime factors of 144763831.
19, 31, 107, 2297
List the prime factors of 366154975.
5, 3637, 4027
What are the prime factors of 949513130?
2, 5, 94951313
What are the prime factors of 114626484?
2, 3, 7, 9283
What are the prime factors of 2730090632?
2, 53, 6438893
List the prime factors of 2026259175.
3, 5, 23, 73, 16091
What are the prime factors of 73297948?
2, 17, 1077911
List the prime factors of 82937105.
5, 2593, 6397
List the prime factors of 397747818.
2, 3, 13, 29, 58613
List the prime factors of 8885856830.
2, 5, 888585683
List the prime factors of 456874505.
5, 91374901
What are the prime factors of 28345818?
2, 3, 29, 162907
List the prime factors of 302899269.
3, 149, 677627
List the prime factors of 16932512.
2, 199, 2659
List the prime factors of 281277857.
7, 2621, 15331
List the prime factors of 59993277.
3, 31, 103, 6263
What are the prime factors of 5186198457?
3, 11, 52385843
What are the prime factors of 311795194?
2, 601, 259397
List the prime factors of 652378610.
2, 5, 13, 5018297
List the prime factors of 123379380.
2, 3, 5, 31, 22111
List the prime factors of 97651185.
3, 5, 6510079
List the prime factors of 43413544.
2, 5426693
What are the prime factors of 68352470?
2, 5, 461, 14827
What are the prime factors of 43768499?
43768499
List the prime factors of 2238111462.
2, 3, 23, 997, 16267
What are the prime factors of 3428779497?
3, 11, 13, 7992493
What are the pri